Suppose -102*o + 106*o = -2*d + 1162, 2*d - 5*o = 1189. What is the tens digit of d?
8
Let o(x) = 8*x + 47. Let b be o(-6). Let y be (-2)/4 - (175/10)/b. Suppose -5*n + 2*d = d - 39, 0 = 3*n + d - y. What is the units digit of n?
7
Let u = 26165 + -24101. What is the hundreds digit of u?
0
Suppose 3*d + q + 7 = d, -3*q - 18 = 3*d. Let n(v) = 228*v**2 - 6*v - 5. What is the tens digit of n(d)?
2
Suppose 3*n - p - 2364 - 4616 = 0, -4*n + 4*p + 9296 = 0. What is the tens digit of n?
2
Suppose s - 14 = 10. Suppose -w - s = -5*w. Suppose -10 = w*a - 220. What is the units digit of a?
5
Suppose -8*j - 459 = -2267. Suppose j - 1550 = -n. What is the hundreds digit of n?
3
Suppose -y - 4*b = -26, -2*y = 3*b - 5*b - 12. Suppose -y*d = -6*d - 16. Suppose 2*k - k = 2*g + 165, -660 = -d*k - 3*g. What is the units digit of k?
5
Let b(t) = -10*t**2 + 62*t - 3. Let h be b(6). Let z be (2/(-6))/(1/h). What is the hundreds digit of (0 - -187)/(-2 - z)?
1
Suppose 0 = -2*b + 2*i + 66232, b - 3*i + 7*i - 33111 = 0. What is the thousands digit of b?
3
Let h = 13285 + -5714. What is the hundreds digit of h?
5
Let c(h) = h**2 + 9*h + 10. Let g be c(-8). Suppose g*a - 3 = -5. Let l = a + 24. What is the tens digit of l?
2
Suppose g = -3*b, 6*g - 19 = g + 4*b. Suppose -5*f = g*k - 204, -f - 2 + 29 = -4*k. What is the units digit of f?
9
Let u(y) = 2*y**2 - 9*y + 1. Suppose -13*c + 25*c + 96 = 0. What is the units digit of u(c)?
1
Let m(q) = -q**3 + 4*q**2 - 4*q + 7. Let y be m(3). Suppose -o - 5 = 3*g, -y*g - 15 = g. Suppose 0 = -6*r + o*r + 84. What is the units digit of r?
2
Let m(i) = -i**3 - 4*i**2 + 2*i + 3. Let y be m(-5). Let k(d) be the second derivative of d**3/3 - 11*d**2 + 16*d. What is the units digit of k(y)?
4
Suppose -o - 3*o + 20 = 0. Suppose -4*h - o*i + 2148 = 655, 0 = 3*i - 3. What is the tens digit of h?
7
Suppose 19*c + 88 = -7. Let l be ((-95)/15 - c)*-3. Suppose -l*y = -11*y + 609. What is the units digit of y?
7
Let r = 10879 + 11265. What is the units digit of r?
4
What is the units digit of (37377/(17 + -8))/1?
3
Let g(s) = s**3 - 10*s**2 - 3*s + 6. Suppose -13*v + 5*v = -88. Let q be g(v). Suppose 2*n - 27 = 5*l, l - 3*l = -4*n + q. What is the tens digit of n?
2
Let u = -6465 - -11731. What is the thousands digit of u?
5
Let k(j) = 43*j**3 + 14*j**2 - 13*j + 9. What is the tens digit of k(7)?
5
Suppose 5*i - 2*j = 2*i + 60, -3*j = 0. Suppose i*x + 6860 = 6*x. Let v = -324 - x. What is the hundreds digit of v?
1
Let v(z) = -13*z - 62. Let t be (-6)/33 + 304/(-22). What is the units digit of v(t)?
0
Suppose 3*t = -s + 8, 3*t + 4*s + s = 4. Suppose -3 = -2*i + 3*i - v, 5*i - t*v + 9 = 0. Let u(g) = -g + 121. What is the tens digit of u(i)?
2
Let v(d) be the third derivative of 37*d**4/8 + 47*d**3/2 - 9*d**2 + 3*d. What is the tens digit of v(7)?
1
Suppose -39*o - 16660 = -22*o. What is the hundreds digit of (-7 - 25/(-5)) + o/(-2)?
4
What is the hundreds digit of (-399602)/(1 + -24)*(-2)/(-4)?
6
Let s(x) = -x**3 - 3*x**2 + 7*x + 21. Let i be s(-4). Suppose -8785 + 163 = -i*o. What is the tens digit of o?
5
Suppose 40*w = 24*w - 34*w + 959550. What is the units digit of w?
1
Let j(n) = -3*n**3 - 2*n**2 + 29*n + 29. Let y(g) = -2*g**3 - g**2 + 14*g + 14. Let c(b) = -3*j(b) + 7*y(b). What is the units digit of c(-5)?
6
Suppose -9*y + 7*y = -18. Let q = y + -7. What is the units digit of q/15*-3*(-411 + 1)?
4
Let b(j) = j + 15. Let q be b(-16). Let o be (q - 2)/(-9 - (2 - 10)). Suppose o*i - 1064 = -i. What is the tens digit of i?
6
Let h(k) = k**3 + k**2 - 2*k + 1. Let z be h(-2). Let n be 0*-2*z/8*4. Suppose n*v = -2*v + 92. What is the units digit of v?
6
Suppose 27*c = 596211 + 178689. What is the thousands digit of c?
8
Let i be 112/144 + 4/18 + 3*149. Let v(d) = 10*d**2 + d + 1. Let f be v(-5). Let j = i - f. What is the hundreds digit of j?
2
Suppose 9*a - a + 440 = 0. Let f = 252 + a. What is the hundreds digit of f?
1
Suppose -38*m = m - 3195075. What is the ten thousands digit of m?
8
What is the ten thousands digit of -5 + 15 + (-938106)/(-39)?
2
Suppose 0 = -4*g - 36, -121436 = -4*d + 13*g - 17*g. What is the thousands digit of d?
0
Suppose 5*i - 32 = -0*x - 3*x, -4*x + 2*i = -8. Suppose x*d - 5*q = 288, 351 = -3*d + 8*d - 4*q. Let n = -33 + d. What is the tens digit of n?
3
Let t be 0 + (0 - -2) - (-9 + 4). Let j be t + 1 + -4 + -17. Let p(n) = n**2 + 9*n - 2. What is the tens digit of p(j)?
5
Let s(z) = -2*z**2 - 13*z + 31. Let u(b) = -3*b**2 - 14*b + 29. Let q(k) = 3*s(k) - 4*u(k). What is the hundreds digit of q(-9)?
3
Let m be 496 + 0 - 5 - -5. Suppose r - 5*o = 426, 0 = 5*r - 5*o + m - 2606. Let v = r - 270. What is the tens digit of v?
5
Suppose -2*g = 4, -8*n + 3046 = -6*n + 2*g. Let b = n + -597. What is the units digit of b?
8
Suppose -2*u + 6*u + 5*i - 3159 = 0, 0 = -i + 3. Let y = -238 + u. Suppose 4*n = 8*n - y. What is the hundreds digit of n?
1
Let a = 11 - 26. Let q(t) = t**3 + 16*t**2 + 14*t - 5. Let c be q(a). Suppose -c = -u + 37. What is the tens digit of u?
4
Suppose -4*v + r = -28777, -5*v - 14*r = -9*r - 35965. What is the units digit of v?
4
Let a = 65 - 82. Let k = a + 17. Suppose -b - 2*i + 709 = 2*b, k = -2*b - 5*i + 469. What is the units digit of b?
7
Let j(x) = 20*x**3 + x**2 - 1. Let l be j(-1). Let z(o) = -2*o**2 - 51*o - 31. What is the units digit of z(l)?
9
Suppose 2*t = -3*o - 2*t + 4461, 2*t + 2988 = 2*o. Suppose u - 503 = 3*j - 2*j, -3*j = 3*u - o. Suppose 11*v = 16*v - u. What is the tens digit of v?
0
Let f(z) = 9*z**3 + 33*z**2 - 61*z + 82. What is the units digit of f(17)?
9
Suppose 0 = -0*w - w + 4*v - 4, 3*w = v + 10. Suppose -3*a - w*a = 0. Suppose a = -5*o - 3*s + 947, -756 = -4*o - 2*s - 2*s. What is the units digit of o?
0
Let p = 246 + -254. What is the hundreds digit of 861 + p + 5 + 4?
8
Suppose 504777 + 1041181 = 166*x. What is the tens digit of x?
1
Let k(s) = -s**3 + 13*s**2 - 13*s - 51. Let u be k(8). Suppose 4*l = 2*g - 2050, -895 - u = -g - 5*l. What is the tens digit of g?
3
Suppose -5*q + 2*t - 190 = 0, 28*t - 31*t + 65 = -2*q. What is the tens digit of ((-388)/(-5))/(5 + 196/q)?
7
Let h = -26723 + 32039. What is the hundreds digit of h?
3
Let d(n) = -666*n + 6356. What is the thousands digit of d(-4)?
9
Let b be ((-95)/10 - -2)*4/(-6). Let t be 5 + -7 - -5 - b*2. Let q(g) = g**3 + 10*g**2 + 5*g + 4. What is the tens digit of q(t)?
1
Let k(f) = -7*f**3 - f**2 - f - 3. Let v be k(-2). Suppose 0 = -2*w + 2, -3*w + 0*w - v = 2*l. Let i = 120 + l. What is the tens digit of i?
9
Let s(o) be the third derivative of 3*o**5/20 - 7*o**4/6 - o**3 + 15*o**2 - 2. What is the tens digit of s(5)?
7
Let o(i) = i**3 + 47*i**2 - 387*i + 82. What is the units digit of o(-42)?
6
Suppose -265 = -9*c + 95. Suppose -c*m - 9 = -41*m. What is the units digit of -205*(m/15 - 1)?
2
What is the tens digit of (-99 - 238/17)*-263?
1
Let y(t) = t**3 - 7*t**2 + 2*t - 9. Let n be y(7). Let u be 2/5 - (-58)/n. Suppose -13 = -5*z + u. What is the units digit of z?
5
Let r = 28 - 19. Let m be 2/r + 2/((-18)/155). Let j(t) = -3*t - 19. What is the units digit of j(m)?
2
Suppose -52*f = -152*f + 3698300. What is the ten thousands digit of f?
3
Let h(n) = -5*n**2 - 427*n + 259. What is the hundreds digit of h(-84)?
8
Let t(y) = 34*y - 170. Let d be t(5). Suppose 7*s - 2054 - 1362 = d. What is the hundreds digit of s?
4
Suppose 60520 = m + 2*a, 39*a - 60508 = -m + 41*a. What is the hundreds digit of m?
5
Suppose 5*b - 23 = 7. Suppose 0 = b*u - 502 - 62. What is the tens digit of u?
9
Suppose 5*d + 20 = 0, 4*u = 7*u + 3*d - 3. Suppose -491 = -l + 3*t, -u*l + 5*t + 2422 = t. What is the units digit of l?
2
Suppose 0 = 2*a + 3*z - 8476, 5*a - 5*z = 10458 + 10657. What is the hundreds digit of a?
2
Let a = -20 + 25. Suppose -5 = -a*z + 5*p, -z = -0*z - 4*p - 13. What is the tens digit of (3 - 2) + (-201)/z?
6
Let f(r) = -4*r**3 + 29*r**2 + 3*r - 1. Suppose 0 = 196*o - 199*o + 21. What is the units digit of f(o)?
9
Suppose -7466 = -11*u - 2670. What is the tens digit of -5 + u + (-7)/1?
2
Let c = 47922 + -11183. What is the tens digit of c?
3
Let v(f) = 662*f**2 - 4*f + 8. What is the hundreds digit of v(-4)?
6
Suppose 0 = -4*l + 5*b + 7895, -5449 = -5*l + b + 4446. What is the tens digit of l?
8
Let t(a) = a**3 - 3